rime factors of w?
2
Suppose 8*c = -137 + 25. Let y = c + 40. What are the prime factors of y?
2, 13
Let k = 32 + -29. What are the prime factors of k + 314 - (0 - (2 + -1))?
2, 3, 53
Suppose 5*r - 3*j = -386 - 382, -5*j = -5*r - 770. Let w = -113 - r. List the prime factors of w.
2, 5
Suppose -2*t = t - 2*s - 6, 4*t + 3*s + 9 = 0. Suppose -3*c = -t*c - 27. List the prime factors of c.
3
Let u(w) = w**3 + 4*w**2 - 5*w + 3. Let f be u(-5). Suppose -f*a = -4*m - 7*a, 4*a - 5 = m. Let s(d) = -11*d - 1. List the prime factors of s(m).
2, 5
Suppose f - 12 = -3*f. Let b be (-2)/3 - 5/(-3). Suppose f*j = 11 + b. What are the prime factors of j?
2
Suppose 3*z - 5*j = 16, 2*j - 11 = 3*z - 30. Suppose -2*a + 956 = -2*t + z*t, 5*t + a = 953. What are the prime factors of t?
2, 5, 19
Suppose -417 = -4*d - 3*l, -4*d + 4*l = -0*l - 396. Suppose 4*o = 5*o - d. What are the prime factors of o?
2, 3, 17
Let k(f) = 5*f**2 - 7*f - 10. Let a be k(-3). Let o = -43 + a. What are the prime factors of o?
13
Let f(i) = -i**2 - 2*i + 1. Let u be f(-2). Let j be u*-2*(-1 + 3). What are the prime factors of ((-19)/j)/((-3)/(-12))?
19
Let a(y) = 3*y**3 - 4*y**2 - 11*y + 3. List the prime factors of a(7).
3, 11, 23
Let h(g) = 51*g - 28. List the prime factors of h(33).
5, 331
Suppose -81 = -3*h - 0*h. Let k = h + 24. What are the prime factors of k?
3, 17
Let i(k) = 32*k - 91. What are the prime factors of i(37)?
1093
Let o be (-2)/4 - 351/(-6). Let z(i) = -2*i + 2. Let q be z(9). Let u = o + q. List the prime factors of u.
2, 3, 7
What are the prime factors of 1461 + (54/12)/((-3)/4)?
3, 5, 97
Let y = -1 + -3. Let q be (-3)/(-2) - 6/y. Suppose -q*s - 260 = -4*v, 4*v + 0*s - 2*s = 260. What are the prime factors of v?
5, 13
Suppose 4*b = -p + 571, -3*b - 725 = -8*b + p. What are the prime factors of b?
2, 3
Let g(f) = f**3 + 20*f**2 + 15*f + 6. What are the prime factors of g(-18)?
2, 3
Suppose 0 = -2*f - 7 + 21. Suppose -f*w + 0*w + 518 = 0. List the prime factors of w.
2, 37
Let h be ((28/3)/(-2))/((-26)/39). Suppose h*j - 338 = 306. List the prime factors of j.
2, 23
Let s = -643 - -775. What are the prime factors of s?
2, 3, 11
Suppose 19036 = 4*r + l, -13*r + 18*r - 5*l - 23770 = 0. List the prime factors of r.
2, 3, 13, 61
Suppose -8783 + 235 = -4*m. List the prime factors of m.
2137
Let o(w) = w**2 + 9*w - 14. Let q be o(-11). Let s be -428 - 1 - (-5 + q). What are the prime factors of 2*-2 - s/8?
2, 5
Let y(j) = j**2 - j + 4. Let a be 3/(-12) + 25/4. Suppose 2*b + 2*c = 2, b - a*c - 11 = -2*c. List the prime factors of y(b).
2, 5
Let f be 4 + 3*(-4 + 3). Let v be f - 1 - (-5 + 1). Suppose -v*z + 235 = z. What are the prime factors of z?
47
Suppose 199 = -3*w + u, -3*w + u - 224 = 5*u. Let p = w - -103. List the prime factors of p.
5, 7
Let n(f) = -4*f**2 - f**3 - 11 + 13*f**2 + 16*f - 27*f**2. List the prime factors of n(-19).
2, 23
Suppose 16*k = 15*k + 877. What are the prime factors of k?
877
Suppose 0 = 5*r + 2*z - 16415, -13119 = -4*r - 11*z + 12*z. What are the prime factors of r?
17, 193
Suppose 5*y - 3*a + 30 = 0, -3*a = 5*y - 4*y - 12. Let f be 0/((-11 - 1)/y). Suppose 2*n - 6 = 4*n, t - 4*n - 20 = f. What are the prime factors of t?
2
Let a be 2*(79 + (-8)/(-2)). Suppose 3*b + 0*g - a = -g, 225 = 4*b + 5*g. List the prime factors of b.
5, 11
Suppose -r + 2559 - 55 = 0. List the prime factors of r.
2, 313
Suppose 0 = -3*a + 2*s + 11130, 0 = 5*a + 9*s - 0*s - 18513. What are the prime factors of a?
2, 3, 103
Let z be ((-9)/6)/(12/(-32)). Suppose 3*o - 13 = -z. Suppose -o*w + 14 = 2*v, -w - v + 4 = -0*w. What are the prime factors of w?
2, 3
Let d(r) = -23*r - 8. Let v = -37 - -34. List the prime factors of d(v).
61
Let x = 66 + -269. Let s = x - -348. List the prime factors of s.
5, 29
Let o(p) = 8*p**3 - p**2 + 2*p - 1. Let h be o(1). Suppose 0 = 7*g - h*g + 2. Let f(a) = 2*a**3 - 2*a. What are the prime factors of f(g)?
2, 3
Suppose 4 = 5*c - 6. Suppose 140 = 3*w + c*w + 5*z, 5*w - 124 = -z. What are the prime factors of (-10)/5 + w/1?
2, 11
Suppose 4*n + 5*o = 3, 0*n = 2*n + 3*o + 1. Suppose -5*g - n = -22. Suppose y - 4*q + 14 = 0, -5*q + 46 - g = 3*y. List the prime factors of y.
2, 3
Let i(d) = d**2 + 2*d. Let b be i(-7). Let w be b + (-2)/(-8)*4. Let q = w + -7. List the prime factors of q.
29
Let q(z) = -z**2 + 1. Let l(g) = -g**3 + 6*g**2 + 7*g - 8. Let b(c) = -l(c) - 5*q(c). Let u(v) = v**2 - 6*v - 3. Let p be u(7). List the prime factors of b(p).
23
Suppose 2*s + 10 = 4*u, 5*s = 5*u - 10 - 0. Let q(d) = -2 + 7*d**2 + 2. What are the prime factors of q(s)?
7
Let v(g) = 46*g**2 + 40*g - 13. What are the prime factors of v(4)?
883
Let k(p) = 4*p**2 + 6*p + 133. List the prime factors of k(-12).
7, 13
Let x(d) = -d**2 - 3*d + 1. Let j be x(-2). Suppose -j*i + 11*i - 1416 = 0. What are the prime factors of i?
3, 59
Suppose -40 = -5*u - 5*i, -4*i + i + 34 = 4*u. Let v be 15/u*(-4)/3. What are the prime factors of 6*(-4 + 8 + v)?
2, 3
Suppose 60*q - 67*q + 5306 = 0. List the prime factors of q.
2, 379
Let c be 2/(-8) - 26/(-8). Suppose q + c*q + 28 = 5*d, 3*d + 4*q - 36 = 0. Suppose 2*z - 12 = d. What are the prime factors of z?
2, 5
Suppose 0 = -y - 5*f - 21, -5*y - 2*f - 2*f = 0. Let c(k) = -k**3 + 9*k**2 + k + 4. What are the prime factors of c(y)?
2, 11
Let r be ((-1)/3)/((-19)/2451). Suppose 2*c = 3*g - 148, 0 = -2*g - 5*c + 43 + r. Suppose -25 = t - g. List the prime factors of t.
23
Suppose -k + 34 = -26. Suppose 0 = c + c - k. Suppose o - c + 0 = 0. List the prime factors of o.
2, 3, 5
Suppose v = 116 - 61. List the prime factors of v.
5, 11
Suppose 0 = 3*v - 4*s - 938, -4*v + 5*v + 2*s - 326 = 0. Suppose -4*n = -0*n - 2*t - v, 5*t = -2*n + 165. List the prime factors of n.
2, 5
Let o(l) = -l**2 + l + 16. Let m be o(0). List the prime factors of (200/m)/((-1)/(-6)).
3, 5
Let z(x) = x**2 + 5*x - 2. Let w be z(-5). Let k(b) = -9*b - 1. What are the prime factors of k(w)?
17
Let h = -49 + 14. Suppose 4*j - 54 = 6. Let m = j - h. List the prime factors of m.
2, 5
Suppose -3*i = 6*g - g + 39, -2*g - 24 = 4*i. Let q be (9/g + 2)*174. Suppose -a - 53 = -2*r, 2*a + q - 8 = 3*r. What are the prime factors of r?
3
What are the prime factors of ((-11240)/(-100))/((-4)/(-10))?
281
Let h = 871 + -364. List the prime factors of h.
3, 13
Suppose -4*j - 238 = 2*n, n - 9 = -2*n. Let k = -48 - j. List the prime factors of k.
13
Let k be ((-10)/30)/(1/(-9)). Suppose -68 = -k*j - 0*b - 2*b, -5*b + 49 = 2*j. Suppose -2*i + 4*t + j = -0, 72 = 4*i - t. What are the prime factors of i?
19
Let u be ((-28)/6)/(4/18). Let m = -12 - u. Suppose 79 = 4*q - m. List the prime factors of q.
2, 11
Let q = -1 + -23. Let j(m) = -m + 1. Let w be j(-2). List the prime factors of ((-40)/w)/(8/q).
2, 5
Let z(m) = m**3 + 4*m**2 + 6*m - 108. What are the prime factors of z(8)?
2, 3, 59
Let z(h) = 2*h - 16. Let r be z(0). Let j(d) = -d**2 - 27*d - 36. What are the prime factors of j(r)?
2, 5, 7
Let d(z) = z**3 - 4*z**2 + z. Let q be d(4). Let g(i) = 37*i - 17. What are the prime factors of g(q)?
131
Suppose -202*s - 4480 = -212*s. List the prime factors of s.
2, 7
Let a(g) = -2*g**2 + 8*g + 5. Let z be a(4). Let y(h) = 3*h**2 + 8*h - 12. What are the prime factors of y(z)?
103
Let n(x) = 147*x - 169. What are the prime factors of n(4)?
419
Let z(b) = 207*b + 628. List the prime factors of z(10).
2, 19, 71
Let g = 12 - 7. Let b(f) = 14 + f + 14*f - g*f**2 + f**2 + 3*f**2. List the prime factors of b(13).
2, 5
Let x(v) = 4*v**3 - 16 + 10*v - 5*v**2 - 3*v**2 - 3*v**3. Let a be x(7). Suppose -a*h + 24 = -h. What are the prime factors of h?
2, 3
Suppose -2*j = 2*i, -4*j - 21 - 19 = -4*i. Suppose i*s - p = 305, s - 139 = -s - 3*p. List the prime factors of s.
2, 31
Let c(r) = -7*r**3 - 22*r**2 + 13*r + 16. Let h(m) = -8*m**3 - 22*m**2 + 14*m + 16. Let i(s) = -6*c(s) + 5*h(s). List the prime factors of i(-11).
2, 3
What are the prime factors of -224*(392/(-70))/(2/5)?
2, 7
Let n be (11 - 2) + 0 + 1. Let b = -14 + n. Let d = 28 + b. What are the prime factors of d?
2, 3
Let o = 38 - 35. Suppose 5*q - o*q - 186 = 0. What are the prime factors of q?
3, 31
Let l be (2/6)/((-3)/9). Let x be 4/4*(l - -1). Suppose x = 2*u - 0 - 14. What are the prime factors of u?
7
What are the prime factors of 